{"id":769,"date":"2014-07-31T08:35:33","date_gmt":"2014-07-31T06:35:33","guid":{"rendered":"http:\/\/nekotsuki-studio.com\/Blog\/?page_id=769"},"modified":"2014-09-22T21:00:45","modified_gmt":"2014-09-22T19:00:45","slug":"politique-de-confidentialite","status":"publish","type":"page","link":"https:\/\/nekotsuki-studio.com\/Blog\/politique-de-confidentialite\/","title":{"rendered":"Politique de confidentialit\u00e9"},"content":{"rendered":"<div class=\"iub_header\" style=\"color: #6b6b6b;\">\n<h1 style=\"color: #3f3f3f;\">Politique de confidentialit\u00e9<\/h1>\n<p>Pour recevoir des informations sur les Donn\u00e9es Personnelles, les objectifs et les parties avec qui elles sont partag\u00e9es, veuillez contacter le Propri\u00e9taire (Nekotsuki-Studio.com)<\/p>\n<\/div>\n<div class=\"one_line_col\" style=\"color: #6b6b6b;\">\n<h2 style=\"color: #3f3f3f;\">Responsable des Donn\u00e9es et Propri\u00e9taire<\/h2>\n<\/div>\n<div class=\"one_line_col\" style=\"color: #6b6b6b;\">\n<h2 style=\"color: #3f3f3f;\">Type de donn\u00e9es collect\u00e9es<\/h2>\n<p>Le propri\u00e9taire ne fournit pas de liste des types de Donn\u00e9es Personnelles collect\u00e9es.<\/p>\n<p>D&rsquo;autres Donn\u00e9es Personnelles collect\u00e9es peuvent \u00eatre d\u00e9crites dans d&rsquo;autres sections de cette politique de confidentialit\u00e9 ou faire l&rsquo;objet d&rsquo;une explication contextuelle d\u00e9di\u00e9e associ\u00e9e \u00e0 la collecte de Donn\u00e9es.<br \/>\nLes Donn\u00e9es Personnelles peuvent \u00eatre fournies librement par l&rsquo;Utilisateur, ou collect\u00e9es automatiquement lorsqu&rsquo;il utilise cette Application.<br \/>\nL&rsquo;utilisation de Cookies ou de tout autre outil de tra\u00e7abilit\u00e9 par cette Application, ou par les propri\u00e9taires de services offerts par des tiers, utilis\u00e9s par cette Application, sert, sauf mention contraire, \u00e0 identifier les Utilisateurs et \u00e0 se rappeler leurs pr\u00e9f\u00e9rences, aux seuls fins de fournir le service demand\u00e9 par l&rsquo;Utilisateur.<br \/>\nCette Application peut se trouver dans l&rsquo;impossibilit\u00e9 de fournir ses services si certaines Donn\u00e9es Personnelles ne sont pas fournies.<\/p>\n<p>L&rsquo;Utilisateur assume la responsabilit\u00e9 de la publication ou du partage des Donn\u00e9es Personnelles de tierces parties via cette Application et d\u00e9clare avec le droit de les communiquer ou de les diffuser, exon\u00e9rant ainsi le Responsable des Donn\u00e9es de toute responsabilit\u00e9.<\/p>\n<\/div>\n<div class=\"one_line_col\" style=\"color: #6b6b6b;\">\n<h2 style=\"color: #3f3f3f;\">Mode et lieu du traitement des donn\u00e9es<\/h2>\n<h3 style=\"color: #3f3f3f;\">M\u00e9thode de traitement<\/h3>\n<p>Le Traitement des Donn\u00e9es est effectu\u00e9 en utilisant des ordinateurs ou des outils informatiques et en suivant les proc\u00e9dures et les modes d\u2019organisation \u00e9troitement li\u00e9s aux finalit\u00e9s indiqu\u00e9es. L\u2019acc\u00e8s, outre celui r\u00e9serv\u00e9 au responsable du traitement des donn\u00e9es, peut dans certains cas \u00eatre accord\u00e9 \u00e0 certaines cat\u00e9gories de personnes en charge des op\u00e9rations du site (administration, ventes, marketing, service juridique, administration du syst\u00e8me) ou \u00e0 des parties externes (telles que les fournisseurs tiers de services techniques, les services de messagerie, les fournisseurs d\u2019h\u00e9bergement, les entreprises informatiques, les agences de communication) d\u00e9sign\u00e9es, le cas \u00e9ch\u00e9ant, comme sous-traitants des donn\u00e9es par le Propri\u00e9taire. La liste mise \u00e0 jour de ces parties peut \u00eatre demand\u00e9e \u00e0 tout moment au responsable du traitement des donn\u00e9es.<\/p>\n<h3 style=\"color: #3f3f3f;\">Lieu du traitement<\/h3>\n<p>Les Donn\u00e9es sont trait\u00e9es au si\u00e8ge du Responsable des Donn\u00e9es et en tout autre lieu o\u00f9 les parties responsables du traitement sont situ\u00e9es. Veuillez contacter le Responsable des Donn\u00e9es pour de plus amples informations.<\/p>\n<h3 style=\"color: #3f3f3f;\">Temps de conservation<\/h3>\n<p>Les Donn\u00e9es seront conserv\u00e9es le temps qu&rsquo;il sera n\u00e9cessaire de fournir le service demand\u00e9 par l&rsquo;Utilisateur, ou tel qu&rsquo;\u00e9nonc\u00e9 dans les objectifs d\u00e9crits dans le pr\u00e9sent document. L&rsquo;Utilisateur peut toujours demander au Responsable des Donn\u00e9es leur suspension ou leur suppression.<\/p>\n<\/div>\n<div class=\"one_line_col\" style=\"color: #6b6b6b;\">\n<h2 style=\"color: #3f3f3f;\">Informations suppl\u00e9mentaires sur le traitement et la collecte de Donn\u00e9es<\/h2>\n<h3 style=\"color: #3f3f3f;\">Action en justice<\/h3>\n<p>Les Donn\u00e9es Personnelles de l&rsquo;Utilisateur peuvent \u00eatre utilis\u00e9es \u00e0 des fins l\u00e9gales par le Responsable des Donn\u00e9es devant les Tribunaux ou \u00e0 toute \u00e9tape menant \u00e0 une \u00e9ventuelle action juridique r\u00e9sultant d&rsquo;une utilisation inappropri\u00e9e de cette Application ou des services connexes.<\/p>\n<h3 style=\"color: #3f3f3f;\">Informations suppl\u00e9mentaires concernant les Donn\u00e9es Personnelles de l&rsquo;Utilisateur<\/h3>\n<p>Outre les informations contenues dans cette politique de confidentialit\u00e9, cette Application peut fournir \u00e0 l&rsquo;Utilisateur des informations contextuelles concernant des services particuliers ou la collecte et le traitement des Donn\u00e9es Personnelles.<\/p>\n<p><em><strong>* \u00ab\u00a0Histoires d&rsquo;y Croire\u00a0\u00bb pour iOS ne stocke ni ne r\u00e9cup\u00e8re aucune donn\u00e9e personnelle. Par ailleurs, l&rsquo;application ne contient aucun lien externe, aucune publicit\u00e9 ni aucun achat \u00ab\u00a0in-app\u00a0\u00bb.<\/strong><\/em><\/p>\n<h3 style=\"color: #3f3f3f;\">Journal du syst\u00e8me et maintenance<\/h3>\n<p>\u00e0 des fins d&rsquo;exploitation et de maintenance, cette Application et tout autre service tiers peuvent collecter des fichiers qui enregistrent les interactions avec cette Application (Journal du Syst\u00e8me ) ou utiliser \u00e0 cette fin toutes Donn\u00e9es personnelles (telle que l&rsquo;adresse IP).<\/p>\n<h3 style=\"color: #3f3f3f;\">Informations non incluses dans cette politique<\/h3>\n<p>De plus amples renseignements concernant la collecte ou le traitement de Donn\u00e9es Personnelles peuvent \u00e0 tout moment \u00eatre demand\u00e9s au Responsable des Donn\u00e9es.<\/p>\n<h3 style=\"color: #3f3f3f;\">Les droits des Utilisateurs<\/h3>\n<p>Les Utilisateurs ont \u00e0 tout moment le droit de savoir si leurs Donn\u00e9es Personnelles ont \u00e9t\u00e9 stock\u00e9es et peuvent consulter le Responsable des Donn\u00e9es pour conna\u00eetre leurs contenus et leur origine, pour v\u00e9rifier leur exactitude ou demander \u00e0 ce qu&rsquo;elles soient compl\u00e9t\u00e9es, annul\u00e9es, mises \u00e0 jour ou rectifi\u00e9es. Ils peuvent aussi demander \u00e0 ce qu&rsquo;elles soient transform\u00e9es en un format anonyme ou \u00e0 ce que toute donn\u00e9e obtenue en violation de la loi soit bloqu\u00e9e, ou s&rsquo;opposer \u00e0 leur traitement pour tout motif l\u00e9gitime que ce soit. Les demandes doivent \u00eatre transmises au Responsable des Donn\u00e9es \u00e0 l&rsquo;adresse indiqu\u00e9e ci-dessus.<\/p>\n<h3 style=\"color: #3f3f3f;\">Modifications de cette politique de confidentialit\u00e9<\/h3>\n<p>Le Responsable des Donn\u00e9es se r\u00e9serve le droit de modifier \u00e0 tout moment la pr\u00e9sente politique de confidentialit\u00e9 par avis donn\u00e9 aux Utilisateurs sur cette page. Il est recommand\u00e9 de consulter souvent cette page, en se r\u00e9f\u00e9rant \u00e0 la date de la derni\u00e8re modification indiqu\u00e9e au bas de cette page. Si un Utilisateur s&rsquo;oppose \u00e0 une quelconque modification apport\u00e9e \u00e0 cette Politique, l&rsquo;Utilisateur doit cesser d&rsquo;utiliser cette Application et peut demander au Responsable des Donn\u00e9es de supprimer les Donn\u00e9es Personnelles. Sauf mention contraire, la politique de confidentialit\u00e9 d&rsquo;alors s&rsquo;applique \u00e0 toutes les Donn\u00e9es Personnelles que le Responsable des Donn\u00e9es d\u00e9tient au sujet des Utilisateurs.<\/p>\n<h3 style=\"color: #3f3f3f;\">Informations sur cette politique de confidentialit\u00e9<\/h3>\n<p>Le Responsable des Donn\u00e9es est responsable de la pr\u00e9sente politique de confidentialit\u00e9, pr\u00e9par\u00e9e \u00e0 partir des modules fournis par Iubenda et h\u00e9berg\u00e9s sur les serveurs de Iubenda.<\/p>\n<\/div>\n<div class=\"one_line_col\" style=\"color: #6b6b6b;\">\n<div class=\"box_primary box_10 definitions expand collapsed\">\n<h3 class=\"expand-click w_icon_24 icon_ribbon\" style=\"color: #3f3f3f;\">D\u00e9finitions et r\u00e9f\u00e9rences l\u00e9gales<\/h3>\n<\/div>\n<\/div>\n<div class=\"iub_footer\" style=\"color: #6b6b6b;\">\n<p>Derni\u00e8re mise \u00e0 jour: 31 Juillet 2014<\/p>\n<p>&nbsp;<\/p>\n<\/div>\n","protected":false},"excerpt":{"rendered":"<p>Politique de confidentialit\u00e9 Pour recevoir des informations sur les Donn\u00e9es Personnelles, les objectifs et les parties avec qui elles sont partag\u00e9es, veuillez contacter le Propri\u00e9taire (Nekotsuki-Studio.com) Responsable des Donn\u00e9es et Propri\u00e9taire Type de donn\u00e9es collect\u00e9es Le propri\u00e9taire ne fournit pas &hellip; <a href=\"https:\/\/nekotsuki-studio.com\/Blog\/politique-de-confidentialite\/\">Continued<\/a><\/p>\n","protected":false},"author":1,"featured_media":0,"parent":0,"menu_order":0,"comment_status":"closed","ping_status":"closed","template":"","meta":{"footnotes":""},"class_list":["post-769","page","type-page","status-publish","hentry"],"jetpack_sharing_enabled":true,"_links":{"self":[{"href":"https:\/\/nekotsuki-studio.com\/Blog\/wp-json\/wp\/v2\/pages\/769","targetHints":{"allow":["GET"]}}],"collection":[{"href":"https:\/\/nekotsuki-studio.com\/Blog\/wp-json\/wp\/v2\/pages"}],"about":[{"href":"https:\/\/nekotsuki-studio.com\/Blog\/wp-json\/wp\/v2\/types\/page"}],"author":[{"embeddable":true,"href":"https:\/\/nekotsuki-studio.com\/Blog\/wp-json\/wp\/v2\/users\/1"}],"replies":[{"embeddable":true,"href":"https:\/\/nekotsuki-studio.com\/Blog\/wp-json\/wp\/v2\/comments?post=769"}],"version-history":[{"count":7,"href":"https:\/\/nekotsuki-studio.com\/Blog\/wp-json\/wp\/v2\/pages\/769\/revisions"}],"predecessor-version":[{"id":807,"href":"https:\/\/nekotsuki-studio.com\/Blog\/wp-json\/wp\/v2\/pages\/769\/revisions\/807"}],"wp:attachment":[{"href":"https:\/\/nekotsuki-studio.com\/Blog\/wp-json\/wp\/v2\/media?parent=769"}],"curies":[{"name":"wp","href":"https:\/\/api.w.org\/{rel}","templated":true}]}}