{"id":1027,"date":"2019-09-12T17:55:35","date_gmt":"2019-09-12T15:55:35","guid":{"rendered":"https:\/\/nekotsuki-studio.com\/Blog\/?page_id=1027"},"modified":"2024-12-31T16:40:24","modified_gmt":"2024-12-31T15:40:24","slug":"box-office-accueil","status":"publish","type":"page","link":"https:\/\/nekotsuki-studio.com\/Blog\/box-office-accueil\/","title":{"rendered":"Box Office Accueil"},"content":{"rendered":"<p align=\"CENTER\"><span style=\"font-size: x-large; color: #99ccff;\"><b>Box Office Animation \/ VFX<\/b><\/span><\/p>\n<p align=\"JUSTIFY\"><span style=\"color: #99ccff;\">Cette partie du site est enti\u00e8rement d\u00e9di\u00e9e au Box Office des films d&rsquo;animation et \u00e0 effets sp\u00e9ciaux (qui sont aussi de l&rsquo;animation, rappelons-le). Vous y trouverez le classement fran\u00e7ais mais aussi mondial, \u00e0 la semaine, de ces films. Les score de ces films eux m\u00eame sont analys\u00e9 sur le forum, dans la partie Box Office, \u00e0 laquelle vous pouvez acc\u00e9der<\/span><span style=\"color: #ccffff;\"><strong> <a style=\"color: #ccffff;\" href=\"https:\/\/nekotsuki-studio.com\/Blog\/forum\/box-office\/\">via ce lien<\/a><\/strong> <\/span><span style=\"color: #99ccff;\">ou en cliquant sur le titre d&rsquo;un film dans les tableaux de classement.<\/span><\/p>\n<p align=\"CENTER\">~<\/p>\n<table border=\"0\" width=\"100%\" cellspacing=\"0\" cellpadding=\"4\"><colgroup> <col width=\"128*\" \/> <col width=\"128*\" \/> <\/colgroup>\n<tbody>\n<tr valign=\"TOP\">\n<td style=\"text-align: center;\" width=\"50%\">\n<p><a href=\"https:\/\/nekotsuki-studio.com\/Blog\/bo-2024-w-52\/\"><img loading=\"lazy\" decoding=\"async\" class=\"aligncenter wp-image-1028\" src=\"https:\/\/nekotsuki-studio.com\/Blog\/wp-content\/uploads\/2019\/09\/BO-Monde.jpg\" alt=\"\" width=\"640\" height=\"360\" srcset=\"https:\/\/nekotsuki-studio.com\/Blog\/wp-content\/uploads\/2019\/09\/BO-Monde.jpg 960w, https:\/\/nekotsuki-studio.com\/Blog\/wp-content\/uploads\/2019\/09\/BO-Monde-300x169.jpg 300w, https:\/\/nekotsuki-studio.com\/Blog\/wp-content\/uploads\/2019\/09\/BO-Monde-768x432.jpg 768w\" sizes=\"auto, (max-width: 640px) 100vw, 640px\" \/><\/a><\/p>\n<p><strong><span style=\"color: #99ccff;\">Classement Hebdomadaire mondial.<\/span><\/strong><\/p>\n<p><span style=\"color: #99ccff;\">(derni\u00e8re semaine : 23\/12\/2024 &#8211; 29\/12\/2024)<\/span><\/p>\n<p>~<\/p>\n<p><a href=\"https:\/\/nekotsuki-studio.com\/Blog\/yearly-bo-world\/\"><strong><span style=\"color: #99ccff;\">(Archives Annuelles<\/span> <span style=\"color: #ccffff;\">[\u21b5]<\/span><span style=\"color: #99ccff;\">)<\/span><\/strong><\/a><\/p>\n<\/td>\n<td style=\"text-align: center;\" width=\"50%\">\n<p><a href=\"https:\/\/nekotsuki-studio.com\/Blog\/bo-2024-f-35\/\"><img loading=\"lazy\" decoding=\"async\" class=\"aligncenter wp-image-1029\" src=\"https:\/\/nekotsuki-studio.com\/Blog\/wp-content\/uploads\/2019\/09\/BO-France.jpg\" alt=\"\" width=\"640\" height=\"360\" srcset=\"https:\/\/nekotsuki-studio.com\/Blog\/wp-content\/uploads\/2019\/09\/BO-France.jpg 960w, https:\/\/nekotsuki-studio.com\/Blog\/wp-content\/uploads\/2019\/09\/BO-France-300x169.jpg 300w, https:\/\/nekotsuki-studio.com\/Blog\/wp-content\/uploads\/2019\/09\/BO-France-768x432.jpg 768w\" sizes=\"auto, (max-width: 640px) 100vw, 640px\" \/><\/a><\/p>\n<p><strong><span style=\"color: #99ccff;\">Classement Hebdomadaire en France.<\/span><\/strong><\/p>\n<p><span style=\"color: #99ccff;\">(derni\u00e8re semaine : 28\/08\/2024 &#8211; 03\/09\/2024)<\/span><\/p>\n<p>~<\/p>\n<p><a href=\"https:\/\/nekotsuki-studio.com\/Blog\/yearly-bo-france\/\"><strong><span style=\"color: #99ccff;\">(Archives Annuelles<\/span> <span style=\"color: #ccffff;\">[\u21b5]<\/span><span style=\"color: #99ccff;\">)<\/span><\/strong><\/a><\/p>\n<\/td>\n<\/tr>\n<tr valign=\"TOP\">\n<td style=\"text-align: center;\" width=\"50%\">\n<p><a href=\"https:\/\/nekotsuki-studio.com\/Blog\/forum\/box-office\/classement-box-office-all-time-animation-france\/#p7\"><img loading=\"lazy\" decoding=\"async\" class=\"aligncenter wp-image-1651\" src=\"https:\/\/nekotsuki-studio.com\/Blog\/wp-content\/uploads\/2020\/03\/Gaulois-Baston.gif\" alt=\"\" width=\"380\" height=\"205\" \/><\/a><\/p>\n<p><strong><span style=\"color: #99ccff;\">Classement All Time des films d&rsquo;animation fran\u00e7ais sortis en France (1950-2021).<\/span><\/strong><\/p>\n<\/td>\n<td width=\"50%\">\n<p><a href=\"https:\/\/nekotsuki-studio.com\/Blog\/forum\/box-office\/retrospective-box-office-sur-le-cinema-danimation-japonais-en-france\/#p7125\"><img loading=\"lazy\" decoding=\"async\" class=\"aligncenter wp-image-1652 size-full\" src=\"https:\/\/nekotsuki-studio.com\/Blog\/wp-content\/uploads\/2020\/03\/Shirobako-Sora-no-Kinoshita.gif\" alt=\"\" width=\"380\" height=\"209\" \/><\/a><\/p>\n<p style=\"text-align: center;\"><strong><span style=\"color: #99ccff;\">Classement All Time des films d&rsquo;animation japonais sortis en France.<\/span><\/strong><\/p>\n<\/td>\n<\/tr>\n<\/tbody>\n<\/table>\n\n\n<p><\/p>\n","protected":false},"excerpt":{"rendered":"<p>Box Office Animation \/ VFX Cette partie du site est enti\u00e8rement d\u00e9di\u00e9e au Box Office des films d&rsquo;animation et \u00e0 effets sp\u00e9ciaux (qui sont aussi de l&rsquo;animation, rappelons-le). Vous y trouverez le classement fran\u00e7ais mais aussi mondial, \u00e0 la semaine, &hellip; <a href=\"https:\/\/nekotsuki-studio.com\/Blog\/box-office-accueil\/\">Continued<\/a><\/p>\n","protected":false},"author":1,"featured_media":0,"parent":0,"menu_order":0,"comment_status":"closed","ping_status":"closed","template":"","meta":{"footnotes":""},"class_list":["post-1027","page","type-page","status-publish","hentry"],"jetpack_sharing_enabled":true,"_links":{"self":[{"href":"https:\/\/nekotsuki-studio.com\/Blog\/wp-json\/wp\/v2\/pages\/1027","targetHints":{"allow":["GET"]}}],"collection":[{"href":"https:\/\/nekotsuki-studio.com\/Blog\/wp-json\/wp\/v2\/pages"}],"about":[{"href":"https:\/\/nekotsuki-studio.com\/Blog\/wp-json\/wp\/v2\/types\/page"}],"author":[{"embeddable":true,"href":"https:\/\/nekotsuki-studio.com\/Blog\/wp-json\/wp\/v2\/users\/1"}],"replies":[{"embeddable":true,"href":"https:\/\/nekotsuki-studio.com\/Blog\/wp-json\/wp\/v2\/comments?post=1027"}],"version-history":[{"count":432,"href":"https:\/\/nekotsuki-studio.com\/Blog\/wp-json\/wp\/v2\/pages\/1027\/revisions"}],"predecessor-version":[{"id":10047,"href":"https:\/\/nekotsuki-studio.com\/Blog\/wp-json\/wp\/v2\/pages\/1027\/revisions\/10047"}],"wp:attachment":[{"href":"https:\/\/nekotsuki-studio.com\/Blog\/wp-json\/wp\/v2\/media?parent=1027"}],"curies":[{"name":"wp","href":"https:\/\/api.w.org\/{rel}","templated":true}]}}